{"id":3,"date":"2023-09-21T11:42:59","date_gmt":"2023-09-21T11:42:59","guid":{"rendered":"http:\/\/hinnerupjuristen.dk\/?page_id=3"},"modified":"2024-02-14T07:50:33","modified_gmt":"2024-02-14T07:50:33","slug":"privacy-policy","status":"publish","type":"page","link":"https:\/\/hinnerupjuristen.dk\/?page_id=3","title":{"rendered":"Privatlivspolitik"},"content":{"rendered":"\n<p><em>G\u00e6ldende pr. 1.1.2023<\/em><\/p>\n\n\n\n<h2 class=\"wp-block-heading\">1. <\/h2>\n\n\n\n<p>Hinnerup Advokaten ApS (\u201dvi\u201d, \u201dvores\u201d, \u201dos\u201d) er dataansvarlig overfor de personoplysninger, som vi behandler om dig i forbindelse med leveringen af vores ydelser.<\/p>\n\n\n\n<h2 class=\"wp-block-heading\">2. Vores kontaktinformationer:<\/h2>\n\n\n\n<p><strong>Adresse<\/strong>:\u00a0\u00a0\u00a0\u00a0\u00a0\u00a0\u00a0Gr\u00f8nh\u00f8jvej 14, 8382 Hinnerup<\/p>\n\n\n\n<p>&nbsp;&nbsp;&nbsp;&nbsp;&nbsp;&nbsp;&nbsp;<strong>CVR<\/strong>:&nbsp;&nbsp;&nbsp;&nbsp;&nbsp;&nbsp;&nbsp;42 86 08 67<\/p>\n\n\n\n<p>&nbsp;&nbsp;&nbsp;&nbsp;&nbsp;&nbsp;&nbsp;<strong>Telefon<\/strong>:&nbsp;61 65 11 21<\/p>\n\n\n\n<p>&nbsp;&nbsp;&nbsp;&nbsp;&nbsp;&nbsp;&nbsp;<strong>Mail<\/strong>:&nbsp;&nbsp;&nbsp;&nbsp;&nbsp;&nbsp;&nbsp;<a href=\"mailto:jkk@hinnerupadvokaten.dk\">jkk@hinnerupadvokaten.dk<\/a>&nbsp;&nbsp;<\/p>\n\n\n\n<h2 class=\"wp-block-heading\">3. <strong>Udf\u00f8relse af advokatbistand<\/strong><\/h2>\n\n\n\n<p>Vi behandler dine personoplysninger, n\u00e5r vi yder advokatbistand til dig eller den organisation, som du repr\u00e6senterer. Det sker, for at vi kan oprette sagen i vores systemer, og for at vi kan udf\u00f8re den rette sagsbehandling og kontakte dig i forbindelse med sagen.&nbsp;<\/p>\n\n\n\n<p>Grundlaget for vores behandling af dine oplysninger er vores aftale om levering af advokatydelser til dig, jf. Databeskyttelsesforordningens art. 6(1)(b). Vi kan i den sammenh\u00e6ng ogs\u00e5 behandle dit personnummer og\/eller f\u00f8lsomme personoplysninger om dig af hensyn til at et retskrav kan fastl\u00e6gges, g\u00f8res g\u00e6ldende eller forsvares, jf. Databeskyttelsesforordningens art. 9(2)(f) og Databeskyttelseslovens \u00a7 11(2)(4).Hvis du er modpart i vores sag, behandler vi dine oplysninger ud fra vores legitime interesse efter GDPR art. 6(1)(f). Vores legitime interesse er at fastl\u00e6gge eller forsvare et retskrav p\u00e5 vegne af vores kunder. Oplysningerne vil som udgangspunkt stamme fra dig, men vi kan ogs\u00e5 indhente\u00a0<\/p>\n\n\n\n<p>oplysninger fra offentligt tilg\u00e6ngelige registre og offentlige myndigheder samt modparter, parter eller bipersoner p\u00e5 relevante sager.<\/p>\n\n\n\n<p>Vi kan i s\u00e6rlige tilf\u00e6lde videregive dine personoplysninger til andre. Dette kan ske, s\u00e5fremt du giver os dit samtykke til det, eller hvis vi er forpligtede til det i henhold til g\u00e6ldende lovgivning. Andre modtagere af dine personoplysninger kan for eksempel v\u00e6re modparter og deres r\u00e5dgivere, eksterne r\u00e5dgivere samt offentlige myndigheder, fx SKAT og domstolene.<\/p>\n\n\n\n<p>Vi opbevarer dine oplysninger, som vi har registreret i forbindelse med en verserende sag, indtil de ikke l\u00e6ngere er n\u00f8dvendige for opfyldelse af det eller de form\u00e5l, som oplysningerne blev indsamlet og behandlet til.<\/p>\n\n\n\n<h2 class=\"wp-block-heading\">4. <strong>Hvidvaskdokumentation<\/strong><\/h2>\n\n\n\n<p>N\u00e5r vi som virksomhed etablerer forretningsforbindelse med en virksomhed eller en privatperson og hj\u00e6lper virksomheden eller privatpersonen i sager, som omhandler transaktioner eller pengeoverf\u00f8rsler, er vi i medf\u00f8r af hvidvaskloven forpligtet til at identificere og indhente legitimation fra vores kunder. Dette indeb\u00e6rer, at vi for vores virksomhedskunder er forpligtet til at identificere og legitimere selskabets reelle ejer(e). Der vil derfor ske en behandling af dine personoplysninger i kraft af dit direkte kundeforhold hos os eller i kraft af, at du er reel ejer i et selskab, som er kunde hos os. De oplysninger, der vil blive indhentet og registreret, er dine identitetsoplysninger, herunder dine almindelige personoplysninger som navn, adresse, f\u00f8dested og nationalitet samt personnummer, hvis du har et. Hertil har vi brug for at indhente en kopi af dit pas eller k\u00f8rekort og dit sundhedskort.<\/p>\n\n\n\n<p>Vi behandler dine personoplysninger, herunder dit personnummer, i overensstemmelse med GDPR art. 6(1)(c) og DBL \u00a7 11(2)(1), da vi er underlagt en retlig forpligtelse i hvidvaskloven. Oplysningerne er som udgangspunkt indhentet direkte fra dig, men der kan v\u00e6re tilf\u00e6lde, hvor vi er forpligtet til at indhente yderligere oplysninger fra internationale registre.<\/p>\n\n\n\n<p>S\u00e5fremt vi er vidende om, har mistanke om eller rimelig grund til at formode, at en transaktion, midler eller en aktivitet har eller har haft tilknytning til hvidvask eller finansiering af terrorisme, er vi forpligtet til at orientere Statsadvokaten for S\u00e6rlig \u00d8konomisk og International Kriminalitet (S\u00d8IK). Det bem\u00e6rkes s\u00e6rligt, at du ikke har ret til indsigt i, om der er sket underretning til S\u00d8IK eller ret til indsigt i indholdet af underretningen.<\/p>\n\n\n\n<p>Vi opbevarer dine personoplysninger i relation til hvidvaskdokumentation i 5 \u00e5r efter kundeforholdets oph\u00f8r, som foreskrevet i hvidvaskloven, hvorefter de slettes.<\/p>\n\n\n\n<h2 class=\"wp-block-heading\">5. <strong>Mailkorrespondance<\/strong><\/h2>\n\n\n\n<p>Vi behandler dine personoplysninger som fremg\u00e5r af mailkorrespondance mellem dig og os. Det sker for at kunne foretage korrespondancen.<\/p>\n\n\n\n<p>Grundlaget for vores behandling af dine oplysninger er vores legitime interesse i at kunne modtage og besvare din henvendelse, jf. Databeskyttelsesforordningens art. 6(1)(f).<\/p>\n\n\n\n<p>Vi opbevarer dine oplysninger, s\u00e5 l\u00e6nge det er n\u00f8dvendigt for os af hensyn til at kunne besvare, behandle og dokumentere din henvendelse, jf. dog punkt 3.<\/p>\n\n\n\n<h2 class=\"wp-block-heading\">6. <strong>Regnskabsmateriale<\/strong><\/h2>\n\n\n\n<p>Vi kan desuden behandle dine personoplysninger, s\u00e5fremt oplysningerne fremg\u00e5r af regnskabsmateriale, som vi har pligt til at opbevare, jf. Bogf\u00f8ringsloven.&nbsp;<\/p>\n\n\n\n<p>Grundlaget for vores behandling af dine oplysninger er vores retlige forpligtelse, jf. Databeskyttelsesforordningens art. 6(1)(c).<\/p>\n\n\n\n<p>Vi opbevarer dine oplysninger i op til 5 \u00e5r fra udgangen af det regnskabs\u00e5r, som oplysningerne vedr\u00f8rer.<\/p>\n\n\n\n<h2 class=\"wp-block-heading\">7. <strong>Overf\u00f8rsel til tredjelande<\/strong><\/h2>\n\n\n\n<p>Vi samarbejder med en r\u00e6kke databehandlere, hvilket betyder, at dine personoplysninger i visse tilf\u00e6lde kan blive overf\u00f8rt til modtagere i tredjelande. I s\u00e5 fald vil overf\u00f8rslen v\u00e6re baseret p\u00e5 forn\u00f8dne garantier i form af standardbestemmelser om databeskyttelse vedtaget af EU-Kommissionen, jf. Databeskyttelsesforordningens art. 46(2)(c), eller en afg\u00f8relse om tilstr\u00e6kkelighedsniveau vedtaget af EU-Kommissionen, jf. Databeskyttelsesforordningens art. 45. \u00d8nsker du at vide mere, er du velkommen til at kontakte os.<\/p>\n\n\n\n<h2 class=\"wp-block-heading\">8. <strong>Dine rettigheder<\/strong><\/h2>\n\n\n\n<p>Du har efter Databeskyttelsesforordningen en r\u00e6kke rettigheder i forhold til vores behandling af oplysninger om dig. Hvis du vil g\u00f8re brug af dine rettigheder, herunder tilbagetr\u00e6kke dit samtykke, bedes du kontakte os. V\u00e6r opm\u00e6rksom p\u00e5, at dine rettigheder i visse tilf\u00e6lde kan v\u00e6re begr\u00e6nsede.&nbsp;<\/p>\n\n\n\n<p>Du kan l\u00e6se mere om dine rettigheder p\u00e5 Datatilsynets hjemmeside (<a href=\"http:\/\/www.datatilsynet.dk\/\">www.datatilsynet.dk<\/a>).<\/p>\n\n\n\n<p>Dine rettigheder omfatter:<\/p>\n\n\n\n<ul class=\"wp-block-list\">\n<li><strong>Ret til at tr\u00e6kke dit samtykke tilbage<\/strong><\/li>\n<\/ul>\n\n\n\n<p>N\u00e5r vi behandler dine oplysninger p\u00e5 baggrund af dit gyldige samtykke, har du til enhver tid ret til at tr\u00e6kke dit samtykke tilbage.&nbsp;<\/p>\n\n\n\n<p>Hvis du v\u00e6lger at tr\u00e6kke dit samtykke tilbage, p\u00e5virker det ikke lovligheden af vores behandling af dine personoplysninger p\u00e5 baggrund af dit tidligere meddelte samtykke og op til tidspunktet for tilbagetr\u00e6kningen. Hvis du tilbagetr\u00e6kker dit samtykke, har det derfor f\u00f8rst virkning fra dette tidspunkt.<\/p>\n\n\n\n<ul class=\"wp-block-list\">\n<li><strong>Ret til at se oplysninger (indsigtsret)<\/strong><\/li>\n<\/ul>\n\n\n\n<p>Du har ret til at f\u00e5 indsigt i de oplysninger, som vi behandler om dig, samt en r\u00e6kke yderligere oplysninger.<\/p>\n\n\n\n<ul class=\"wp-block-list\">\n<li><strong>Ret til berigtigelse (rettelse)<\/strong><\/li>\n<\/ul>\n\n\n\n<p>Du har ret til at f\u00e5 urigtige oplysninger om dig selv rettet.<\/p>\n\n\n\n<ul class=\"wp-block-list\">\n<li><strong>Ret til sletning<\/strong><\/li>\n<\/ul>\n\n\n\n<p>I s\u00e6rlige tilf\u00e6lde har du ret til at f\u00e5 slettet oplysninger om dig, inden tidspunktet for den almindelige generelle sletning indtr\u00e6ffer.<\/p>\n\n\n\n<ul class=\"wp-block-list\">\n<li><strong>Ret til begr\u00e6nsning af behandling<\/strong><\/li>\n<\/ul>\n\n\n\n<p>Du har visse tilf\u00e6lde ret til at f\u00e5 behandlingen af dine personoplysninger begr\u00e6nset. Hvis du har ret til at f\u00e5 begr\u00e6nset behandlingen, m\u00e5 vi fremover kun behandle oplysningerne med dit samtykke, eller med henblik p\u00e5 at retskrav kan fastl\u00e6gges, g\u00f8res g\u00e6ldende eller forsvares, eller for at beskytte en person eller vigtige samfundsinteresser.<\/p>\n\n\n\n<ul class=\"wp-block-list\">\n<li><strong>Ret til indsigelse<\/strong><\/li>\n<\/ul>\n\n\n\n<p>Du har i visse tilf\u00e6lde ret til at g\u00f8re indsigelse mod vores ellers lovlige behandling af dine personoplysninger. Du kan ogs\u00e5 g\u00f8re indsigelse mod behandling af dine oplysninger til direkte markedsf\u00f8ring.<\/p>\n\n\n\n<ul class=\"wp-block-list\">\n<li><strong>Ret til at transmittere oplysninger (dataportabilitet)<\/strong><\/li>\n<\/ul>\n\n\n\n<p>Du har i visse tilf\u00e6lde ret til at modtage dine personoplysninger i et struktureret, almindeligt anvendt og maskinl\u00e6sbart format samt at f\u00e5 overf\u00f8rt disse personoplysninger fra \u00e9n dataansvarlig til en anden uden hindring.Du har endvidere ret til at klage til Datatilsynet over vores behandling af dine personoplysninger. L\u00e6s mere om klagemuligheder p\u00e5&nbsp;<a href=\"http:\/\/www.datatilsynet.dk\/\">www.datatilsynet.dk<\/a><\/p>\n\n\n\n<p><\/p>\n","protected":false},"excerpt":{"rendered":"<p>G\u00e6ldende pr. 1.1.2023 1. Hinnerup Advokaten ApS (\u201dvi\u201d, \u201dvores\u201d, \u201dos\u201d) er dataansvarlig overfor de personoplysninger, som vi behandler om dig i forbindelse med leveringen af vores ydelser. 2. Vores kontaktinformationer: Adresse:\u00a0\u00a0\u00a0\u00a0\u00a0\u00a0\u00a0Gr\u00f8nh\u00f8jvej 14, 8382 Hinnerup &nbsp;&nbsp;&nbsp;&nbsp;&nbsp;&nbsp;&nbsp;CVR:&nbsp;&nbsp;&nbsp;&nbsp;&nbsp;&nbsp;&nbsp;42 86 08 67 &nbsp;&nbsp;&nbsp;&nbsp;&nbsp;&nbsp;&nbsp;Telefon:&nbsp;61 65 11 21 &nbsp;&nbsp;&nbsp;&nbsp;&nbsp;&nbsp;&nbsp;Mail:&nbsp;&nbsp;&nbsp;&nbsp;&nbsp;&nbsp;&nbsp;jkk@hinnerupadvokaten.dk&nbsp;&nbsp; 3. Udf\u00f8relse af advokatbistand Vi behandler dine personoplysninger, n\u00e5r vi yder advokatbistand til dig eller den organisation, som du repr\u00e6senterer. Det sker, for at vi kan oprette sagen i vores systemer, og for at vi kan udf\u00f8re den rette sagsbehandling og kontakte dig i forbindelse med sagen.&nbsp; Grundlaget for vores behandling af dine oplysninger er vores aftale<\/p>\n","protected":false},"author":1,"featured_media":0,"parent":0,"menu_order":0,"comment_status":"closed","ping_status":"open","template":"","meta":{"footnotes":""},"class_list":["post-3","page","type-page","status-publish","hentry"],"_links":{"self":[{"href":"https:\/\/hinnerupjuristen.dk\/index.php?rest_route=\/wp\/v2\/pages\/3","targetHints":{"allow":["GET"]}}],"collection":[{"href":"https:\/\/hinnerupjuristen.dk\/index.php?rest_route=\/wp\/v2\/pages"}],"about":[{"href":"https:\/\/hinnerupjuristen.dk\/index.php?rest_route=\/wp\/v2\/types\/page"}],"author":[{"embeddable":true,"href":"https:\/\/hinnerupjuristen.dk\/index.php?rest_route=\/wp\/v2\/users\/1"}],"replies":[{"embeddable":true,"href":"https:\/\/hinnerupjuristen.dk\/index.php?rest_route=%2Fwp%2Fv2%2Fcomments&post=3"}],"version-history":[{"count":8,"href":"https:\/\/hinnerupjuristen.dk\/index.php?rest_route=\/wp\/v2\/pages\/3\/revisions"}],"predecessor-version":[{"id":69,"href":"https:\/\/hinnerupjuristen.dk\/index.php?rest_route=\/wp\/v2\/pages\/3\/revisions\/69"}],"wp:attachment":[{"href":"https:\/\/hinnerupjuristen.dk\/index.php?rest_route=%2Fwp%2Fv2%2Fmedia&parent=3"}],"curies":[{"name":"wp","href":"https:\/\/api.w.org\/{rel}","templated":true}]}}