{"id":135,"date":"2024-06-26T10:17:59","date_gmt":"2024-06-26T10:17:59","guid":{"rendered":"http:\/\/hinnerupjuristen.dk\/?page_id=135"},"modified":"2024-10-08T12:09:54","modified_gmt":"2024-10-08T12:09:54","slug":"raadgivning-til-private","status":"publish","type":"page","link":"https:\/\/hinnerupjuristen.dk\/?page_id=135","title":{"rendered":"R\u00e5dgivning til private"},"content":{"rendered":"\n<div class=\"section-wrapper\" data-id=\"STbPTI\"><section class=\"wp-block-gutenverse-section guten-element guten-section guten-STbPTI layout-boxed align-stretch\"><div class=\"guten-container guten-column-gap-no\">\n<div class=\"wp-block-gutenverse-column guten-element guten-column guten-VVjpbv\"><div class=\"guten-column-wrapper\" data-id=\"VVjpbv\">\n<div class=\"section-wrapper\" data-id=\"qcjviw\"><section class=\"wp-block-gutenverse-section guten-element guten-section guten-qcjviw animated guten-element-hide desktop-fadeInUp layout-boxed align-stretch\"><div class=\"guten-container guten-column-gap-no\">\n<div class=\"wp-block-gutenverse-column guten-element guten-column guten-bYsQ3G\"><div class=\"guten-column-wrapper\" data-id=\"bYsQ3G\"><\/div><\/div>\n<\/div><\/section><\/div>\n\n\n\n<div class=\"section-wrapper\" data-id=\"NY1qOv\"><section class=\"wp-block-gutenverse-section guten-element guten-section guten-NY1qOv animated guten-element-hide slow desktop-fadeInUp layout-boxed align-stretch\"><div class=\"guten-container guten-column-gap-no\">\n<div class=\"wp-block-gutenverse-column guten-element guten-column guten-l5r5De\"><div class=\"guten-column-wrapper\" data-id=\"l5r5De\"><\/div><\/div>\n<\/div><\/section><\/div>\n<\/div><\/div>\n<\/div><\/section><\/div>\n\n\n\n<div class=\"section-wrapper\" data-id=\"tZeRCh\"><section class=\"wp-block-gutenverse-section guten-element guten-section guten-tZeRCh layout-boxed align-stretch\"><div class=\"guten-container guten-column-gap-no\">\n<div class=\"wp-block-gutenverse-column guten-element guten-column guten-KbzO3H\"><div class=\"guten-column-wrapper\" data-id=\"KbzO3H\">\n<h6 class=\"wp-block-gutenverse-heading guten-element guten-yt0JFG animated guten-element-hide desktop-fadeInUp\">Professionel R\u00e5dgivning til Private<\/h6>\n\n\n\n<div class=\"guten-element gutenverse-text-editor guten-DFONDN animated guten-element-hide desktop-fadeInUp\"><div class=\"text-content-inner\">\n<p>N\u00e5r det kommer til vigtige personlige beslutninger som oprettelse af testamente eller \u00e6gtepagt, er jeg her for at sikre, at du kan tage beslutninger med ro i sindet. Fra udarbejdelse af samejeoverenskomster til fremtidsfuldmagter, h\u00e5ndterer jeg alle de juridiske detaljer, s\u00e5 du ikke beh\u00f8ver at bekymre dig. Fokuser p\u00e5 dine personlige m\u00e5l \u2013 jeg s\u00f8rger for, at alt det juridiske er i orden.<\/p>\n<\/div><\/div>\n\n\n\n<div class=\"wp-block-gutenverse-divider guten-element guten-divider guten-IEjLw1 animated guten-element-hide desktop-fadeInUp\"><div class=\"guten-divider-wrapper\"><div class=\"guten-divider-default guten-divider-line guten-divider-regular\"><\/div><\/div><\/div>\n<\/div><\/div>\n<\/div><\/section><\/div>\n\n\n\n<div class=\"section-wrapper\" data-id=\"BfKQtE\"><section class=\"wp-block-gutenverse-section guten-element guten-section guten-BfKQtE layout-boxed align-stretch\"><div class=\"guten-container guten-column-gap-default\">\n<div class=\"wp-block-gutenverse-column guten-element guten-column guten-1s3fH2\"><div class=\"guten-column-wrapper\" data-id=\"1s3fH2\">\n<h2 class=\"wp-block-gutenverse-heading guten-element guten-02gJGq animated guten-element-hide desktop-slideInLeft\"><strong>Juridisk r\u00e5dgivning \u2013 private<\/strong><\/h2>\n\n\n\n<h2 class=\"wp-block-gutenverse-heading guten-element guten-5lO5iO animated guten-element-hide desktop-fadeInLeft\">F\u00e5 hj\u00e6lp til disse omr\u00e5der<\/h2>\n\n\n\n<div class=\"guten-element gutenverse-text-editor guten-5yfvb8 animated guten-element-hide desktop-fadeInLeft\"><div class=\"text-content-inner\">\n<p>N\u00e5r det handler om livets store beslutninger, er det vigtigt at have styr p\u00e5 detaljerne. Uanset om du k\u00f8ber bolig, indg\u00e5r \u00e6gteskab eller \u00f8nsker at sikre dine n\u00e6rmeste f\u00e5r du skr\u00e6ddersyet juridisk r\u00e5dgivning, s\u00e5 du kan leve livet med ro i sindet.<\/p>\n<\/div><\/div>\n<\/div><\/div>\n\n\n\n<div class=\"wp-block-gutenverse-column guten-element guten-column guten-7q8ihL\"><div class=\"guten-column-wrapper\" data-id=\"7q8ihL\">\n<div class=\"guten-element guten-X0sLcm animated guten-element-hide desktop-fadeInUp guten-icon-box icon-position-left\"><div class=\"guten-icon-box-wrapper hover-from-left\"><div class=\"icon-box icon-box-header\"><div class=\"icon style-color\"><i class=\"gtn gtn-edit1-light\"><\/i><\/div><\/div><div class=\"icon-box icon-box-body\"><h2 class=\"title\"><strong>Testamente<\/strong><\/h2><p class=\"icon-box-description\">Et testamente sikrer, at dine v\u00e6rdier fordeles pr\u00e6cis, som du \u00f8nsker det, n\u00e5r du ikke er her mere. Det giver dig tryghed, og dine efterladte undg\u00e5r tvivl og usikkerhed.<\/p>\n<div class=\"guten-element guten-button-wrapper guten-WdXW12\"><a class=\"guten-button guten-button-md\" href=\"https:\/\/hinnerupjuristen.dk\/?page_id=1397\"><span>L\u00e6s mere<\/span><i class=\"fa-lg gtn gtn-search-1-light\"><\/i><\/a><\/div>\n<\/div><\/div><\/div>\n\n\n\n<div class=\"guten-element guten-ezU5XW animated guten-element-hide desktop-fadeInUp guten-icon-box icon-position-left\"><div class=\"guten-icon-box-wrapper hover-from-left\"><div class=\"icon-box icon-box-header\"><div class=\"icon style-color\"><i class=\"gtn gtn-rings-light\"><\/i><\/div><\/div><div class=\"icon-box icon-box-body\"><h2 class=\"title\">\u00c6gtepagt og s\u00e6reje<\/h2><p class=\"icon-box-description\">Med en \u00e6gtepagt eller s\u00e6reje skaber I klarhed om fordelingen af ejendele, hvis I skulle v\u00e6lge at blive skilt. Det giver jer begge \u00f8konomisk sikkerhed og tryghed \u2013 nu og i fremtiden.<\/p>\n<div class=\"guten-element guten-button-wrapper guten-oLAt7L\"><a class=\"guten-button guten-button-md\" href=\"https:\/\/hinnerupjuristen.dk\/?page_id=1658\"><span>L\u00e6s mere<\/span><i class=\"fa-lg gtn gtn-search-1-light\"><\/i><\/a><\/div>\n<\/div><\/div><\/div>\n<\/div><\/div>\n\n\n\n<div class=\"wp-block-gutenverse-column guten-element guten-column guten-llj4rG\"><div class=\"guten-column-wrapper\" data-id=\"llj4rG\">\n<div class=\"guten-element guten-m5iJA6 animated guten-element-hide desktop-fadeInUp guten-icon-box icon-position-left\"><div class=\"guten-icon-box-wrapper hover-from-left\"><div class=\"icon-box icon-box-header\"><div class=\"icon style-color\"><i class=\"gtn gtn-brickwall-light\"><\/i><\/div><\/div><div class=\"icon-box icon-box-body\"><h2 class=\"title\">Fremtidsfuldmagt<\/h2><p class=\"icon-box-description\">Med en fremtidsfuldmagt udpeger du en betroet person til at handle p\u00e5 dine vegne, hvis du selv mister evnen. S\u00e5 dine interesser varetages, uanset hvad fremtiden bringer.<\/p>\n<div class=\"guten-element guten-button-wrapper guten-8IMDwb\"><a class=\"guten-button guten-button-md\" href=\"https:\/\/hinnerupjuristen.dk\/?page_id=1629\"><span>L\u00e6s mere<\/span><i class=\"fa-lg gtn gtn-search-1-light\"><\/i><\/a><\/div>\n<\/div><\/div><\/div>\n\n\n\n<div class=\"guten-element guten-Kux4Pa animated guten-element-hide desktop-fadeInUp guten-icon-box icon-position-left\"><div class=\"guten-icon-box-wrapper hover-from-left\"><div class=\"icon-box icon-box-header\"><div class=\"icon style-color\"><i class=\"gtn gtn-handshake-solid\"><\/i><\/div><\/div><div class=\"icon-box icon-box-body\"><h2 class=\"title\">Samejeoverenskomst<\/h2><p class=\"icon-box-description\">N\u00e5r I ejer noget sammen, er det klogt med en samejeoverenskomst. Aftalen sikrer enighed om deling ved et brud og forebygger konflikter, s\u00e5 I kan fokusere p\u00e5 hinanden.<\/p>\n<div class=\"guten-element guten-button-wrapper guten-QinZFB\"><a class=\"guten-button guten-button-md\" href=\"https:\/\/hinnerupjuristen.dk\/?page_id=1672\"><span>L\u00e6s mere<\/span><i class=\"fa-lg gtn gtn-search-1-light\"><\/i><\/a><\/div>\n<\/div><\/div><\/div>\n<\/div><\/div>\n<\/div><\/section><\/div>\n\n\n\n<p><\/p>\n","protected":false},"excerpt":{"rendered":"","protected":false},"author":1,"featured_media":0,"parent":0,"menu_order":0,"comment_status":"closed","ping_status":"closed","template":"","meta":{"footnotes":""},"class_list":["post-135","page","type-page","status-publish","hentry"],"_links":{"self":[{"href":"https:\/\/hinnerupjuristen.dk\/index.php?rest_route=\/wp\/v2\/pages\/135","targetHints":{"allow":["GET"]}}],"collection":[{"href":"https:\/\/hinnerupjuristen.dk\/index.php?rest_route=\/wp\/v2\/pages"}],"about":[{"href":"https:\/\/hinnerupjuristen.dk\/index.php?rest_route=\/wp\/v2\/types\/page"}],"author":[{"embeddable":true,"href":"https:\/\/hinnerupjuristen.dk\/index.php?rest_route=\/wp\/v2\/users\/1"}],"replies":[{"embeddable":true,"href":"https:\/\/hinnerupjuristen.dk\/index.php?rest_route=%2Fwp%2Fv2%2Fcomments&post=135"}],"version-history":[{"count":59,"href":"https:\/\/hinnerupjuristen.dk\/index.php?rest_route=\/wp\/v2\/pages\/135\/revisions"}],"predecessor-version":[{"id":1715,"href":"https:\/\/hinnerupjuristen.dk\/index.php?rest_route=\/wp\/v2\/pages\/135\/revisions\/1715"}],"wp:attachment":[{"href":"https:\/\/hinnerupjuristen.dk\/index.php?rest_route=%2Fwp%2Fv2%2Fmedia&parent=135"}],"curies":[{"name":"wp","href":"https:\/\/api.w.org\/{rel}","templated":true}]}}